4 is divided by o?
2
Let q = -486 - -532. Calculate the remainder when 31 is divided by (-11 + 14)/((-86)/q - -2).
8
Suppose 32 = -12*d + 13*d. Let q(n) be the third derivative of -n**4/12 + 5*n**3 + 2*n**2 - 18. What is the remainder when d is divided by q(9)?
8
Let c(j) = 951*j**3 - 5*j + 6. What is the remainder when c(1) is divided by 74?
64
Suppose -23*f - 32188 = -5*d - 20*f, 5*f = -2*d + 12838. What is the remainder when d is divided by 65?
64
Suppose 3*q = -s - 131, 0*q + 3*s = -3*q - 129. Suppose 18*b = -32*b - 2400. Let j = q - b. What is the remainder when 41 is divided by j?
1
Let a = -4837 + 4878. Calculate the remainder when 241 is divided by a.
36
Suppose 5*d + 25 = -0*d, -5*d + 11 = -3*g. Calculate the remainder when (40/g + 3)*-36 is divided by 4.
0
Suppose 7*d = 37 + 110. Let f(z) = 4*z**2 - 21*z - 3. Let j be f(9). Let y = j + -53. What is the remainder when y is divided by d?
16
What is the remainder when (6/1 - 1) + (-24360)/(-56) is divided by 76?
60
Let o(p) = 2*p**3 + 34*p**2 + p + 26. Let d be o(-17). Let h(w) = w**3 - 8*w**2 - 8*w - 6. Calculate the remainder when 15 is divided by h(d).
0
Suppose 2*u = 4*a - 83 + 187, -u + 44 = 2*a. Calculate the remainder when 1717 is divided by u.
37
Suppose 3760 = 4*r - 3*u, 4*u + 1890 = 1460*r - 1458*r. Calculate the remainder when r is divided by 248.
193
Suppose 2 = 46*y - 44*y. What is the remainder when (-1 - 3/(-6))/(y/(-500)) is divided by 51?
46
Suppose -212 = -3*r - 2*m, 4*m - 12 = 4. Suppose -24*p + 21*p = -30. Calculate the remainder when r is divided by p.
8
What is the remainder when 49/(-14)*(-212)/14 is divided by 48?
5
Suppose -7*t = 11 - 67. Suppose t*b - 415 = 753. What is the remainder when b is divided by 21?
20
Let z(n) = 4*n**2 + 34*n - 52. Suppose 2*m + 120 = -10*m. Calculate the remainder when 13 is divided by z(m).
5
Let w = -970 - -1041. Calculate the remainder when 780 is divided by w.
70
Let f(m) = 47*m**3 + 10*m**2 - 10*m + 1. Let a = -223 + 224. What is the remainder when f(a) is divided by 8 + 1 + -2 + 3?
8
Let o(b) = 9*b + 2. Let r be o(3). Let j = r - 30. Let l(p) = 4*p**2 + p + 2. Calculate the remainder when 8 is divided by l(j).
3
Suppose -181*v = -176*v + 5*o - 705, -2*v = -o - 285. Calculate the remainder when v is divided by 18.
16
Suppose 0 = -4*n - 2*g + 6852, -1703 = -303*n + 302*n + 2*g. Calculate the remainder when n is divided by 51.
28
Let y = 250 + -125. What is the remainder when y is divided by 123?
2
Suppose -5*x = -v - 1, 2*v + 9*x - 7*x - 10 = 0. Suppose -5*h = k - 42, 3*k = -5*h + v*h + 154. Calculate the remainder when k is divided by 24.
4
Let a = -40403 - -40427. What is the remainder when 2*(1 + 351/6) is divided by a?
23
Let z(k) = -4*k + 28. Let s be z(5). Calculate the remainder when 3 - (-3 + 327)/(-3) is divided by 13 - -2 - s*1/(-2).
16
Let r(p) be the first derivative of 5 + 16/3*p**3 + 5/2*p**2 + 6*p. Calculate the remainder when r(-2) is divided by 32.
28
Suppose 0 = -28*r - 7*r - 25*r + 7080. Calculate the remainder when 632 is divided by r.
42
Let h = -16439 + 16505. Calculate the remainder when 265 is divided by h.
1
Suppose -3*o + 399 = k, -k - 46*o = -41*o - 387. What is the remainder when 848 is divided by k?
14
Let g = -385 - 17. Let o = g - -426. Calculate the remainder when 76 is divided by o.
4
Let q(x) = x**3 + x - 6. Let z be q(2). Calculate the remainder when (-5 - (-31)/z)*8 is divided by 6.
4
Let m(l) = -785*l**3 - 16*l - 17. What is the remainder when m(-1) is divided by 136?
104
Let a = -85 - -89. Suppose a*x + 45 = -27. What is the remainder when 2784/x*(-6)/4 is divided by 13?
11
Let c = -4753 + 4838. Calculate the remainder when 509 is divided by c.
84
Suppose a + 1 = p - 3, 3*a + 5*p = 12. Let z be (-2)/1 - 35*a. Calculate the remainder when 23 is divided by (6/4*-3)/(z/(-44)).
5
Let d(g) = 11*g + 1. Let r be d(-24). Let y = 279 + r. What is the remainder when 77 is divided by y?
13
Suppose -11*z + 18*z - 21 = 0. Suppose 0 = -2*t - 2*d + 22, z*t = -2*t - 3*d + 51. What is the remainder when 33 is divided by t?
6
What is the remainder when ((-351)/63)/13 - (-42120)/84 is divided by 210?
81
Let s = -605 - -1274. Suppose -13*a + 410 = -s. Suppose 0 = 3*j - 54 + 12. What is the remainder when a is divided by j?
13
Let y(w) = -w**3 - 9*w**2 + w - 26. Let p = 872 - 859. What is the remainder when y(-10) is divided by p?
12
Let q = 77 + -63. Suppose -q*n + 2925 = n. Calculate the remainder when n is divided by 14.
13
Suppose 44 = b + 4*s, 5*b + 3*s - 186 = -0*b. Let j(n) = -2*n + 40. Let t be j(14). Let z = 25 - t. Calculate the remainder when b is divided by z.
10
Suppose -1252 = -6*z + 170. Suppose 14*q = 1335 - 495. What is the remainder when z is divided by q?
57
What is the remainder when (295 - 1)/(-69 + 72) is divided by 40?
18
Let u = 30 - 15. Let t = -611 + 696. Suppose -10*k + t = -u. Calculate the remainder when 89 is divided by k.
9
Suppose 0 = 6*r - 1168 + 664. What is the remainder when 77 is divided by (6 - 264/r)/(4/70)?
27
Let v(d) = d**2 + 1. Let b(w) = 385*w**2 - 9*w - 6. Let i(p) = b(p) + 6*v(p). What is the remainder when i(-1) is divided by 31?
28
Let q(a) = -39*a**2 - 478*a + 6. Calculate the remainder when q(-9) is divided by 96.
93
Suppose 62 - 82 = 5*j, 0 = -4*c + 3*j + 2188. What is the remainder when c is divided by 11?
5
Suppose 3*b + 10*g - 8*g = 53, 5*g = 3*b - 25. Let d be (-1*1)/(4/(-684)). Let k = d + -116. What is the remainder when k is divided by b?
10
Let i(l) = l**3 - 4*l + 48. Let w be i(0). Suppose -4*n - 3*f = -2*n - w, -2*f = 4. What is the remainder when 214 is divided by n?
25
Suppose 0 = 1686*r - 9305 - 17671. Let m be (-9 + 5)*2/4. Let t(k) = -69*k + 2. Calculate the remainder when t(m) is divided by r.
12
Let f(u) = 6*u**2 - 3*u - 5. Let p(l) = -l**3 - 7*l - 9. What is the remainder when p(-5) is divided by f(3)?
31
Let o(s) = -234*s - 661. Calculate the remainder when 1/(-3) - 244/(-3) is divided by o(-3).
40
Let c = -85208 + 121605. Calculate the remainder when c is divided by 112.
109
Suppose 8*f - 888 = -0*f. Let l(u) = 21*u - u - 1 + 9*u. Calculate the remainder when f is divided by l(1).
27
Suppose 4*a - 3*w + 122 = 0, -5*a - 4*w - 170 = w. Suppose -2*f + 99 + 59 = 0. Let u = a + f. Calculate the remainder when 185 is divided by u.
44
Let q be 8/14 - 17664/(-56). Let f = 331 - q. What is the remainder when 97 is divided by f?
7
Let u = 124 - 108. Let s be (7 - -11)*u/(-6)*2. Let b = 151 + s. Calculate the remainder when b is divided by 19.
17
Suppose -5656 = -f - 5*j, -10*f + 7*f - 2*j = -17059. Calculate the remainder when f is divided by 13.
10
Suppose -10*i - 113 = -5*k - 3*i, 3*k + i - 47 = 0. Suppose 5*c - 52 = 113. Calculate the remainder when c is divided by k.
16
Suppose -x = -3*q - 5, 5*q + 7 = -3*x + 8. Calculate the remainder when -3 + q - (2 - 96) is divided by 51.
39
Suppose -185*c + 189*c + 5*o = 365, 320 = 4*c - 4*o. What is the remainder when 1937 is divided by c?
67
Let a(i) = -9*i - 37. Let v be a(13). Let m = v + 206. Calculate the remainder when 103 is divided by m.
51
Let j(n) = 155*n - 105. Calculate the remainder when j(5) is divided by 96.
94
Suppose -3*d = -37 + 19, 3*u - 321 = 5*d. What is the remainder when 448 is divided by u?
97
Suppose 1177 - 1953 = -24*m + 3808. Calculate the remainder when m is divided by 133.
58
Suppose -180 = -6*b + 252. Suppose 4*i - 144 = -3*v, 7*i - b = 5*i - 5*v. Calculate the remainder when 177 is divided by i.
33
Let r(h) = -h - 12. Let t be r(-9). Let p(q) = -q**3 + 8*q**2 - 10*q + 14. What is the remainder when (2/t)/((-10)/705) is divided by p(0)?
5
Let c = -51738 - -78997. Calculate the remainder when c is divided by 94.
93
Let m(j) = 2*j**3 - 9*j**2 - 29*j + 458. What is the remainder when m(11) is divided by 78?
74
Let l be -1*(3/2 + -2)*0. Suppose 5*h = 3*z + 19, h + 0*z - 5*z + 5 = l. Calculate the remainder when 49 is divided by h.
4
Let m(r) = -r**3 + 10*r**2 + 4*r - 11. Suppose -l = 3*x - 149, -8*x + 3*x - 562 = -4*l. What is the remainder when l is divided by m(10)?
27
Let z be 25/2 - (-9)/6. Let m be 1701/z - (-6)/(-4). Let n = m - 75. Calculate the remainder when n is divided by 16.
13
Suppose 29*n = 3*t + 27*n - 609, t - 203 = -2*n. Calculate the remainder when 924 is divide